5 and 5.
5
Calculate the greatest common factor of 5 and 85.
5
Calculate the greatest common divisor of 192 and 12.
12
What is the highest common factor of 14 and 1834?
14
What is the highest common divisor of 192 and 1024?
64
What is the highest common factor of 860 and 160?
20
Calculate the greatest common factor of 180 and 12465.
45
What is the highest common factor of 15 and 33?
3
What is the highest common divisor of 1460 and 190?
10
What is the highest common factor of 42 and 84?
42
What is the greatest common divisor of 38 and 95?
19
Calculate the greatest common factor of 1826 and 44.
22
Calculate the highest common factor of 9309 and 87.
87
What is the greatest common divisor of 975 and 130?
65
Calculate the highest common factor of 90 and 555.
15
Calculate the greatest common factor of 804 and 12.
12
What is the highest common factor of 396 and 216?
36
What is the greatest common divisor of 39 and 117?
39
Calculate the greatest common divisor of 12 and 228.
12
Calculate the highest common factor of 286 and 52.
26
What is the highest common divisor of 10 and 430?
10
What is the greatest common factor of 35 and 39095?
35
What is the greatest common divisor of 713 and 621?
23
Calculate the greatest common divisor of 10 and 8530.
10
What is the highest common factor of 96 and 40?
8
Calculate the highest common divisor of 600 and 120.
120
Calculate the greatest common divisor of 126 and 798.
42
Calculate the highest common factor of 775 and 93.
31
What is the greatest common factor of 5617 and 41?
41
What is the greatest common factor of 350 and 190?
10
What is the highest common divisor of 375 and 2275?
25
What is the highest common divisor of 559 and 624?
13
What is the highest common divisor of 2302 and 4?
2
Calculate the greatest common divisor of 12596 and 188.
188
What is the greatest common factor of 1846 and 26?
26
Calculate the greatest common factor of 84 and 56.
28
Calculate the greatest common divisor of 46 and 368.
46
What is the highest common factor of 931 and 1463?
133
What is the greatest common divisor of 43 and 559?
43
What is the highest common divisor of 770 and 70?
70
Calculate the greatest common divisor of 110 and 605.
55
What is the greatest common divisor of 1032 and 645?
129
What is the highest common factor of 822 and 18?
6
What is the highest common factor of 2527 and 190?
19
What is the greatest common factor of 15 and 375?
15
Calculate the greatest common divisor of 8760 and 48.
24
Calculate the highest common divisor of 295 and 3422.
59
What is the highest common divisor of 1649 and 776?
97
What is the highest common divisor of 873 and 18?
9
Calculate the highest common factor of 216 and 1368.
72
Calculate the greatest common divisor of 1788 and 24.
12
Calculate the greatest common divisor of 1581 and 357.
51
Calculate the highest common divisor of 15 and 41220.
15
What is the greatest common factor of 812 and 14819?
203
Calculate the highest common divisor of 19746 and 18.
18
Calculate the highest common divisor of 19075 and 5.
5
Calculate the highest common divisor of 15 and 1605.
15
Calculate the greatest common factor of 30549 and 51.
51
Calculate the greatest common factor of 638 and 671.
11
Calculate the highest common factor of 384 and 156.
12
What is the highest common divisor of 38 and 589?
19
Calculate the highest common divisor of 80 and 120.
40
What is the greatest common factor of 296 and 37?
37
What is the highest common factor of 81 and 72?
9
Calculate the highest common factor of 60 and 7920.
60
What is the greatest common divisor of 42436 and 412?
412
What is the highest common factor of 825 and 33?
33
Calculate the highest common divisor of 1280 and 300.
20
Calculate the highest common divisor of 429 and 1560.
39
Calculate the highest common divisor of 44 and 418.
22
What is the greatest common factor of 6231 and 201?
201
Calculate the greatest common factor of 14 and 3794.
14
What is the highest common factor of 64 and 368?
16
What is the greatest common divisor of 2622 and 114?
114
What is the highest common divisor of 4740 and 120?
60
What is the greatest common factor of 3110 and 70?
10
What is the highest common factor of 3195 and 72?
9
Calculate the highest common divisor of 756 and 308.
28
Calculate the greatest common divisor of 1600 and 150.
50
Calculate the greatest common factor of 483 and 1288.
161
What is the greatest common factor of 54 and 243?
27
What is the greatest common divisor of 208 and 14?
2
Calculate the highest common factor of 328 and 287.
41
What is the greatest common factor of 684 and 7695?
171
Calculate the greatest common factor of 8484 and 60.
12
Calculate the greatest common divisor of 410 and 30.
10
Calculate the greatest common divisor of 216 and 200.
8
What is the highest common divisor of 31 and 1?
1
Calculate the highest common factor of 92 and 2070.
46
Calculate the greatest common factor of 441 and 126.
63
Calculate the highest common divisor of 225 and 650.
25
Calculate the highest common divisor of 3 and 48.
3
What is the greatest common factor of 505 and 4141?
101
What is the highest common factor of 1094 and 8?
2
What is the highest common divisor of 1391 and 208?
13
Calculate the highest common factor of 828 and 13156.
92
Calculate the greatest common factor of 12871 and 211.
211
What is the highest common divisor of 1053 and 13?
13
What is the highest common divisor of 42 and 483?
21
What is the highest common factor of 177 and 708?
177
Calculate the highest common factor of 80 and 640.
80
Calculate the greatest common divisor of 5370 and 15.
15
Calculate the highest common factor of 2 and 62.
2
Calculate the greatest common factor of 1458 and 18.
18
What is the highest common factor of 2720 and 238?
34
What is the highest common factor of 192 and 3312?
48
What is the greatest common divisor of 105 and 75?
15
What is the greatest common divisor of 99 and 671?
11
What is the greatest common divisor of 124 and 28?
4
Calculate the greatest common divisor of 6375 and 136.
17
What is the highest common factor of 1 and 380?
1
Calculate the highest common divisor of 26277 and 114.
57
Calculate the greatest common factor of 10 and 810.
10
Calculate the greatest common divisor of 561 and 66.
33
Calculate the highest common factor of 2849 and 847.
77
What is the greatest common divisor of 312 and 1716?
156
Calculate the greatest common divisor of 832 and 64.
64
What is the greatest common divisor of 875 and 7?
7
What is the greatest common divisor of 19 and 513?
19
What is the greatest common factor of 23 and 1?
1
Calculate the greatest common factor of 42 and 102.
6
What is the highest common divisor of 2 and 9?
1
What is the greatest common factor of 567 and 630?
63
Calculate the highest common divisor of 98 and 315.
7
What is the highest common divisor of 42 and 4935?
21
Calculate the highest common divisor of 72 and 3438.
18
What is the greatest common divisor of 62931 and 33?
33
Calculate the highest common divisor of 51 and 1173.
51
Calculate the greatest common divisor of 110 and 385.
55
What is the greatest common divisor of 1935 and 86?
43
What is the greatest common divisor of 322 and 42?
14
What is the greatest common factor of 100963 and 17?
17
What is the greatest common divisor of 27 and 12501?
27
What is the greatest common factor of 600 and 528?
24
What is the greatest common divisor of 188 and 92?
4
Calculate the greatest common divisor of 8099 and 91.
91
Calculate the highest common divisor of 414 and 46.
46
What is the greatest common divisor of 776 and 328?
8
What is the highest common factor of 1950 and 60?
30
What is the highest common factor of 34 and 2414?
34
Calculate the highest common divisor of 460 and 15.
5
What is the greatest common divisor of 3379 and 31?
31
Calculate the highest common divisor of 12 and 18.
6
Calculate the greatest common divisor of 66 and 55.
11
What is the highest common factor of 851 and 23?
23
Calculate the greatest common factor of 4074 and 168.
42
What is the greatest common divisor of 286 and 2596?
22
What is the highest common divisor of 101 and 1?
1
Calculate the greatest common divisor of 12 and 3252.
12
Calculate the greatest common divisor of 231 and 483.
21
What is the greatest common fa